actors of 2541436.
2, 635359
What are the prime factors of 19843135?
5, 13, 23, 1021
List the prime factors of 236995.
5, 11, 31, 139
List the prime factors of 308579.
19, 109, 149
List the prime factors of 2889776.
2, 179, 1009
List the prime factors of 3565443.
3, 7, 169783
What are the prime factors of 42567?
3, 7, 2027
What are the prime factors of 263567?
263567
List the prime factors of 5590688.
2, 17, 43, 239
What are the prime factors of 238997?
11, 21727
List the prime factors of 281604.
2, 3, 31, 757
What are the prime factors of 1141281?
3, 173, 733
List the prime factors of 414819.
3, 46091
List the prime factors of 218947.
218947
What are the prime factors of 115127?
115127
What are the prime factors of 971184?
2, 3, 20233
List the prime factors of 4426801.
431, 10271
List the prime factors of 10101341.
10101341
What are the prime factors of 183380?
2, 5, 53, 173
What are the prime factors of 2858078?
2, 53, 59, 457
List the prime factors of 10570923.
3, 11, 17, 571
What are the prime factors of 427103?
427103
List the prime factors of 389369.
389369
What are the prime factors of 951127?
347, 2741
List the prime factors of 824736.
2, 3, 11, 71
What are the prime factors of 17684891?
7, 1487, 1699
List the prime factors of 101736.
2, 3, 157
List the prime factors of 3864230.
2, 5, 23, 53, 317
What are the prime factors of 137917?
13, 103
What are the prime factors of 40548208?
2, 853, 2971
What are the prime factors of 6312220?
2, 5, 31, 10181
List the prime factors of 865364.
2, 47, 4603
List the prime factors of 96920.
2, 5, 2423
What are the prime factors of 1598389?
13, 122953
List the prime factors of 268575.
3, 5, 3581
List the prime factors of 85196.
2, 19, 59
List the prime factors of 332941.
7, 47563
List the prime factors of 309903.
3, 11, 9391
List the prime factors of 1219180.
2, 5, 47, 1297
List the prime factors of 13360595.
5, 677, 3947
What are the prime factors of 1794000?
2, 3, 5, 13, 23
What are the prime factors of 155400?
2, 3, 5, 7, 37
What are the prime factors of 592860?
2, 3, 5, 41, 241
What are the prime factors of 350458?
2, 175229
List the prime factors of 3039896.
2, 29, 13103
What are the prime factors of 1589800?
2, 5, 7949
What are the prime factors of 13422801?
3, 7, 639181
List the prime factors of 941262.
2, 3, 7, 73, 307
List the prime factors of 709792.
2, 41, 541
List the prime factors of 1493192.
2, 186649
What are the prime factors of 1219571?
31, 39341
List the prime factors of 10307323.
13, 792871
What are the prime factors of 692498?
2, 47, 53, 139
What are the prime factors of 65848?
2, 8231
List the prime factors of 2614802.
2, 313, 4177
What are the prime factors of 636010?
2, 5, 63601
What are the prime factors of 121486?
2, 19, 23, 139
List the prime factors of 383584.
2, 11987
What are the prime factors of 2790076?
2, 697519
What are the prime factors of 13096961?
239, 54799
List the prime factors of 1178579.
271, 4349
List the prime factors of 756015.
3, 5, 13, 3877
List the prime factors of 954014.
2, 229, 2083
What are the prime factors of 1004062?
2, 59, 67, 127
List the prime factors of 421238.
2, 210619
List the prime factors of 281952.
2, 3, 11, 89
List the prime factors of 121101.
3, 37, 1091
List the prime factors of 22034280.
2, 3, 5, 139, 1321
What are the prime factors of 524440?
2, 5, 7, 1873
List the prime factors of 1468034.
2, 734017
List the prime factors of 35221206.
2, 3, 5870201
List the prime factors of 1820800.
2, 5, 569
List the prime factors of 2685097.
2685097
List the prime factors of 402487.
402487
What are the prime factors of 42826281?
3, 17, 839731
What are the prime factors of 189397?
13, 17, 857
List the prime factors of 3148067.
13, 113, 2143
What are the prime factors of 2416363?
17, 19, 7481
List the prime factors of 20644465.
5, 1153, 3581
What are the prime factors of 5209754?
2, 11, 236807
What are the prime factors of 1565068?
2, 19, 20593
What are the prime factors of 899825?
5, 35993
What are the prime factors of 13167178?
2, 23, 286243
What are the prime factors of 287560?
2, 5, 7, 13, 79
List the prime factors of 1782580.
2, 5, 19, 4691
What are the prime factors of 2803250?
2, 5, 11213
What are the prime factors of 196051?
196051
What are the prime factors of 2818600?
2, 5, 17, 829
List the prime factors of 897873.
3, 53, 5647
List the prime factors of 489081.
3, 163027
List the prime factors of 9386687.
317, 29611
What are the prime factors of 688907?
688907
List the prime factors of 597026.
2, 298513
What are the prime factors of 934496?
2, 19, 29, 53
List the prime factors of 12099798.
2, 3, 67, 79, 127
What are the prime factors of 301974?
2, 3, 50329
What are the prime factors of 1953668?
2, 488417
List the prime factors of 768795.
3, 5, 107, 479
What are the prime factors of 1146368?
2, 2239
List the prime factors of 228401.
37, 6173
What are the prime factors of 16767013?
401, 41813
List the prime factors of 169044.
2, 3, 14087
What are the prime factors of 3183752?
2, 11, 13, 23
What are the prime factors of 1867630?
2, 5, 186763
What are the prime factors of 17662570?
2, 5, 941, 1877
What are the prime factors of 276044?
2, 69011
What are the prime factors of 493050?
2, 3, 5, 19, 173
List the prime factors of 1174663.
7, 167809
What are the prime factors of 294926?
2, 239, 617
What are the prime factors of 2439712?
2, 11, 29, 239
List the prime factors of 3582752.
2, 103, 1087
List the prime factors of 778324.
2, 194581
What are the prime factors of 207888?
2, 3, 61, 71
What are the prime factors of 93376?
2, 1459
List the prime factors of 8196197.
1307, 6271
What are the prime factors of 8714471?
29, 300499
List the prime factors of 22696.
2, 2837
What are the prime factors of 223192?
2, 23, 1213
What are the prime factors of 156193?
23, 6791
What are the prime factors of 696058?
2, 11, 29, 1091
List the prime factors of 96938.
2, 19, 2551
What are the prime factors of 4477188?
2, 3, 17, 1291
What are the prime factors of 159929?
7, 11, 31, 67
What are the prime factors of 191373?
3, 7, 13, 701
What are the prime factors of 15687248?
2, 61, 16073
List the prime factors of 4710522.
2, 3, 271, 2897
What are the prime factors of 525635?
5, 11, 19, 503
What are the prime factors of 955309?
955309
List the prime factors of 464749.
464749
What are the prime factors of 27854025?
3, 5, 371387
What are the prime factors of 69239?
69239
What are the prime factors of 2938891?
1123, 2617
What are the prime factors of 15881271?
3, 7, 756251
List the prime factors of 1432892.
2, 358223
List the prime factors of 108738.
2, 3, 7, 863
What are the prime factors of 3186753?
3, 1062251
List the prime factors of 1302560.
2, 5, 7, 1163
What are the prime factors of 18890146?
2, 11, 47, 18269
What are the prime factors of 36381?
3, 67, 181
What are the prime factors of 10089841?
73, 89, 1553
List the prime factors of 232807.
19, 12253
What are the prime factors of 1711257?
3, 570419
What are the prime factors of 432975?
3, 5, 23, 251
What are the prime factors of 59929?
59929
What are the prime factors of 270658?
2, 135329
List the prime factors of 3202411.
3202411
What are the prime factors of 106717?
13, 8209
What are the prime factors of 21197359?
79, 179, 1499
List the prime factors of 684503.
23, 29761
List the prime factors of 19439.
7, 2777
List the prime factors of 53273.
11, 29, 167
List the prime factors of 9077622.
2, 3, 59, 25643
What are the prime factors of 8143914?
2, 3, 181, 7499
What are the prime factors of 1658493?
3, 127, 1451
What are the prime factors of 1889074?
2, 11, 17, 5051
What are the prime factors of 937189?
11, 85199
List the prime factors of 1204595.
5, 7, 127, 271
What are the prime factors of 20644593?
3, 23, 299197
List the prime factors of 9558849.
3, 3186283
List the prime factors of 2196623.
11, 13, 15361
List the prime factors of 6720219.
3, 11, 17
List the prime factors of 427504.
2, 7, 11, 347
What are the prime factors of 2655678?
2, 3, 499, 887
What are the prime factors of 547007?
547007
What are the prime factors of 410213?
97, 4229
List the prime factors of 121984.
2, 953
What are the prime factors of 7942003?
7942003
What are the prime factors of 4129606?
2, 13, 17, 9343
List the prime factors of 3242